{"id":9,"date":"2026-01-01T11:48:33","date_gmt":"2026-01-01T11:48:33","guid":{"rendered":"https:\/\/franciscojaviercarceles.fpcei.eu\/?page_id=9"},"modified":"2026-01-29T11:33:42","modified_gmt":"2026-01-29T11:33:42","slug":"inicio","status":"publish","type":"page","link":"https:\/\/franciscojaviercarceles.fpcei.eu\/","title":{"rendered":"Inicio"},"content":{"rendered":"\n<h3 class=\"wp-block-heading alignfull has-text-align-center has-ast-global-color-4-color has-text-color has-link-color wp-elements-50eae9049fa860ead85b1ce4928a0280\" style=\"font-size:25px\">\u00a1<strong>Bienvenidos a la p\u00e1gina de videojuegos creada por y para vosotros jugadores<\/strong>!<\/h3>\n\n\n\n\n\n\n<p class=\"has-ast-global-color-4-color has-text-color has-link-color wp-elements-39a608aae3228de05b44988cadf3fa4c\" style=\"font-size:20px\"><strong>Bienvenido a<\/strong> <strong>GamerHub!<\/strong> Si te flipan los videojuegos y te cansa jugar solo y quieres alguien con quien, reirte y disfrutar, est\u00e1s en el sitio correcto. <strong>GamerHub <\/strong>es un sitio pensado para gente como t\u00fa, que disfruta jugando con una comunidad flipante.<\/p>\n\n\n\n<p class=\"has-ast-global-color-4-color has-text-color has-link-color wp-elements-15b5bea5a096f0a1f79261f10deda068\" style=\"font-size:20px\">En <strong>GamerHub <\/strong>no importa si juegas por diversi\u00f3n o si te lo tomas m\u00e1s en serio, aqu\u00ed siempre hay alguien con quien hablar, jugar o montar un team. La comunidad es abierta, activa y con muy buen rollo, ideal para conocer gente con la que pasar un rato de locos, compartir ideas y pasar el tiempo haciendo lo que te gusta.<\/p>\n\n\n\n<p class=\"has-text-align-center has-ast-global-color-4-color has-text-color has-link-color wp-elements-890d469c70d388ff94dc7413f747dbeb\" style=\"border-top-left-radius:37px;border-top-right-radius:37px;border-bottom-left-radius:37px;border-bottom-right-radius:37px;font-size:25px\">En <strong>GamerHub <\/strong>puedes:<\/p>\n\n\n\n<ul style=\"border-top-left-radius:30px;border-top-right-radius:30px;border-bottom-left-radius:30px;border-bottom-right-radius:30px;margin-right:0;margin-left:0;font-size:20px\" class=\"wp-block-list has-ast-global-color-4-color has-text-color has-link-color wp-elements-081d3b988d75ca1e390ee764842e5a35\">\n<li style=\"margin-top:0;margin-right:var(--wp--preset--spacing--20);margin-bottom:0;margin-left:var(--wp--preset--spacing--20);font-size:20px\"><strong>Conocer a otros jugadores con gustos similares, formar equipos y hacer nuevas amistades.<\/strong><\/li>\n\n\n\n<li style=\"border-top-left-radius:0px;border-top-right-radius:0px;border-bottom-left-radius:0px;border-bottom-right-radius:0px;margin-right:var(--wp--preset--spacing--20);margin-left:var(--wp--preset--spacing--20);font-size:20px\"><strong>Compartir conocimienotos de videojuegos para disfrutar con los mejores t\u00edtulos.<\/strong><\/li>\n\n\n\n<li class=\"has-ast-global-color-4-color has-text-color has-link-color wp-elements-a532eaa3c8f0087959696f6d0d5c8081\" style=\"margin-right:var(--wp--preset--spacing--20);margin-left:var(--wp--preset--spacing--20);font-size:20px\"><strong>Recibir asesoramiento sobre consolas y aprender a como organizar tu set up de una forma bestial.<\/strong><\/li>\n\n\n\n<li style=\"margin-right:var(--wp--preset--spacing--20);margin-left:var(--wp--preset--spacing--20);font-size:20px\"><strong>Aprender y mejorar, gracias a consejos, gu\u00edas, recomendaciones y opiniones reales de la comunidad.<\/strong><\/li>\n\n\n\n<li style=\"margin-top:0;margin-right:var(--wp--preset--spacing--20);margin-bottom:0;margin-left:var(--wp--preset--spacing--20)\"><strong>Participar en eventos, torneos y retos pensados para disfrutar sin toxicidad.<\/strong><\/li>\n<\/ul>\n\n\n\n<p class=\"has-ast-global-color-4-color has-text-color has-link-color wp-elements-e39c864d0f8b34cbd1698cac0a316e5d\" style=\"font-size:20px\">Adem\u00e1s, al unirte a <strong>GamerHub <\/strong>puedes entrar en nuestro <strong>Discord<\/strong>, donde la comunidad cobra vida de verdad. Ah\u00ed organizamos partidas, charlamos a diario, compartimos contenido exclusivo y siempre hay alguien conectado con ganas de jugar o echar un rato. Es el sitio en el modo solitario de los videojuegos pasa a plano secundario.<\/p>\n\n\n\n<p class=\"has-ast-global-color-4-color has-text-color has-link-color wp-elements-a3f072b563caeab50c9b089dab2e2357\" style=\"font-size:20px\"><strong>GamerHub <\/strong>es para ti. Si juegas, ya formas parte de esto. \u00danete, entra al Discord y vive el gaming acompa\u00f1ado, como debe ser.<\/p>\n\n\n\n<p class=\"has-ast-global-color-4-color has-text-color has-link-color wp-elements-5c0bb8f1f40d81dda236a91214f2d4a0\" style=\"font-size:25px\">Si quieres formar parte de <strong>GamerHub<\/strong>, podr\u00e1s hacerlo mediante el formulario de contacto, eso s\u00ed, no puedes perderte el contenido flipante que esconde cada rinc\u00f3n de la web y disfruta del proceso. \u00a1\u00c1nimo Gamer!<\/p>\n\n\n\n<figure class=\"wp-block-embed is-type-video is-provider-tiktok wp-block-embed-tiktok\"><div class=\"wp-block-embed__wrapper\">\n<blockquote class=\"tiktok-embed\" cite=\"https:\/\/www.tiktok.com\/@3djuegos\/video\/7484263085897731350\" data-video-id=\"7484263085897731350\" data-embed-from=\"oembed\" style=\"max-width:605px; min-width:325px;\"> <section> <a target=\"_blank\" title=\"@3djuegos\" href=\"https:\/\/www.tiktok.com\/@3djuegos?refer=embed\">@3djuegos<\/a> <p>5 Juegazos COOPERATIVOS que tienes que jugar \ud83d\udc6c\ud83d\udd79\ufe0f\ud83d\udc7e <a title=\"splitfiction\" target=\"_blank\" href=\"https:\/\/www.tiktok.com\/tag\/splitfiction?refer=embed\">#splitfiction<\/a> <a title=\"gamingentiktok\" target=\"_blank\" href=\"https:\/\/www.tiktok.com\/tag\/gamingentiktok?refer=embed\">#gamingentiktok<\/a> <a title=\"videojuegos\" target=\"_blank\" href=\"https:\/\/www.tiktok.com\/tag\/videojuegos?refer=embed\">#videojuegos<\/a> <a title=\"ittakestwo\" target=\"_blank\" href=\"https:\/\/www.tiktok.com\/tag\/ittakestwo?refer=embed\">#ittakestwo<\/a> <a title=\"cuphead\" target=\"_blank\" href=\"https:\/\/www.tiktok.com\/tag\/cuphead?refer=embed\">#cuphead<\/a> <a title=\"juegoscooperativos\" target=\"_blank\" href=\"https:\/\/www.tiktok.com\/tag\/juegoscooperativos?refer=embed\">#juegoscooperativos<\/a> <a title=\"3djuegos\" target=\"_blank\" href=\"https:\/\/www.tiktok.com\/tag\/3djuegos?refer=embed\">#3djuegos<\/a>  <\/p> <a target=\"_blank\" title=\"\u266c sonido original - 3DJuegos\" href=\"https:\/\/www.tiktok.com\/music\/sonido-original-7484263106584021782?refer=embed\">\u266c sonido original &#8211; 3DJuegos<\/a> <\/section> <\/blockquote> <script async src=\"https:\/\/www.tiktok.com\/embed.js\"><\/script>\n<\/div><\/figure>\n","protected":false},"excerpt":{"rendered":"<p>\u00a1Bienvenidos a la p\u00e1gina de videojuegos creada por y para vosotros jugadores! Bienvenido a GamerHub! Si te flipan los videojuegos [&hellip;]<\/p>\n","protected":false},"author":4,"featured_media":0,"parent":0,"menu_order":0,"comment_status":"closed","ping_status":"closed","template":"","meta":{"site-sidebar-layout":"default","site-content-layout":"","ast-site-content-layout":"default","site-content-style":"default","site-sidebar-style":"default","ast-global-header-display":"","ast-banner-title-visibility":"","ast-main-header-display":"","ast-hfb-above-header-display":"","ast-hfb-below-header-display":"","ast-hfb-mobile-header-display":"","site-post-title":"","ast-breadcrumbs-content":"","ast-featured-img":"","footer-sml-layout":"","ast-disable-related-posts":"","theme-transparent-header-meta":"","adv-header-id-meta":"","stick-header-meta":"","header-above-stick-meta":"","header-main-stick-meta":"","header-below-stick-meta":"","astra-migrate-meta-layouts":"default","ast-page-background-enabled":"default","ast-page-background-meta":{"desktop":{"background-color":"var(--ast-global-color-5)","background-image":"","background-repeat":"repeat","background-position":"center center","background-size":"auto","background-attachment":"scroll","background-type":"","background-media":"","overlay-type":"","overlay-color":"","overlay-opacity":"","overlay-gradient":""},"tablet":{"background-color":"","background-image":"","background-repeat":"repeat","background-position":"center center","background-size":"auto","background-attachment":"scroll","background-type":"","background-media":"","overlay-type":"","overlay-color":"","overlay-opacity":"","overlay-gradient":""},"mobile":{"background-color":"","background-image":"","background-repeat":"repeat","background-position":"center center","background-size":"auto","background-attachment":"scroll","background-type":"","background-media":"","overlay-type":"","overlay-color":"","overlay-opacity":"","overlay-gradient":""}},"ast-content-background-meta":{"desktop":{"background-color":"var(--ast-global-color-4)","background-image":"","background-repeat":"repeat","background-position":"center center","background-size":"auto","background-attachment":"scroll","background-type":"","background-media":"","overlay-type":"","overlay-color":"","overlay-opacity":"","overlay-gradient":""},"tablet":{"background-color":"var(--ast-global-color-4)","background-image":"","background-repeat":"repeat","background-position":"center center","background-size":"auto","background-attachment":"scroll","background-type":"","background-media":"","overlay-type":"","overlay-color":"","overlay-opacity":"","overlay-gradient":""},"mobile":{"background-color":"var(--ast-global-color-4)","background-image":"","background-repeat":"repeat","background-position":"center center","background-size":"auto","background-attachment":"scroll","background-type":"","background-media":"","overlay-type":"","overlay-color":"","overlay-opacity":"","overlay-gradient":""}},"footnotes":""},"class_list":["post-9","page","type-page","status-publish","hentry"],"_links":{"self":[{"href":"https:\/\/franciscojaviercarceles.fpcei.eu\/index.php?rest_route=\/wp\/v2\/pages\/9","targetHints":{"allow":["GET"]}}],"collection":[{"href":"https:\/\/franciscojaviercarceles.fpcei.eu\/index.php?rest_route=\/wp\/v2\/pages"}],"about":[{"href":"https:\/\/franciscojaviercarceles.fpcei.eu\/index.php?rest_route=\/wp\/v2\/types\/page"}],"author":[{"embeddable":true,"href":"https:\/\/franciscojaviercarceles.fpcei.eu\/index.php?rest_route=\/wp\/v2\/users\/4"}],"replies":[{"embeddable":true,"href":"https:\/\/franciscojaviercarceles.fpcei.eu\/index.php?rest_route=%2Fwp%2Fv2%2Fcomments&post=9"}],"version-history":[{"count":22,"href":"https:\/\/franciscojaviercarceles.fpcei.eu\/index.php?rest_route=\/wp\/v2\/pages\/9\/revisions"}],"predecessor-version":[{"id":527,"href":"https:\/\/franciscojaviercarceles.fpcei.eu\/index.php?rest_route=\/wp\/v2\/pages\/9\/revisions\/527"}],"wp:attachment":[{"href":"https:\/\/franciscojaviercarceles.fpcei.eu\/index.php?rest_route=%2Fwp%2Fv2%2Fmedia&parent=9"}],"curies":[{"name":"wp","href":"https:\/\/api.w.org\/{rel}","templated":true}]}}