{"id":185,"date":"2026-01-14T15:35:20","date_gmt":"2026-01-14T15:35:20","guid":{"rendered":"https:\/\/franciscojaviercarceles.fpcei.eu\/?page_id=185"},"modified":"2026-01-29T11:00:17","modified_gmt":"2026-01-29T11:00:17","slug":"politica-de-privacidad","status":"publish","type":"page","link":"https:\/\/franciscojaviercarceles.fpcei.eu\/?page_id=185","title":{"rendered":"Pol\u00edtica de privacidad"},"content":{"rendered":"\n<p class=\"has-ast-global-color-4-color has-text-color has-link-color wp-elements-b0428df2f414a77257f915f24fb86dc9\" style=\"font-size:20px\">Buenas de nuevo Gamer, como lo m\u00e1s importante para nosotros es tu privacidad, desde el equipo t\u00e9cnico de <strong>GamerHub <\/strong>hemos desarrollado esta p\u00e1gina para que tengas, en un solo lugar, toda la informaci\u00f3n relacionada con c\u00f3mo funciona la web y c\u00f3mo se gestionan los datos dentro de la comunidad. Aqu\u00ed se re\u00fanen los documentos importantes que explican de forma clara qu\u00e9 informaci\u00f3n se recopila, c\u00f3mo se usa y cu\u00e1les son tus derechos como usuario.<\/p>\n\n\n\n<p class=\"has-ast-global-color-4-color has-text-color has-link-color wp-elements-960a2be31424521721aeea56be82d6c3\" style=\"font-size:20px\">En este apartado podr\u00e1s consultar la pol\u00edtica de privacidad, la pol\u00edtica de cookies y otros documentos relacionados con el tratamiento de datos, como el derecho de acceso, rectificaci\u00f3n, limitaci\u00f3n u oposici\u00f3n. El objetivo es que sepas qu\u00e9 ocurre con tu informaci\u00f3n y qu\u00e9 opciones tienes en todo momento.<\/p>\n\n\n\n<p class=\"has-ast-global-color-4-color has-text-color has-link-color wp-elements-760435c849cc739521a0a3fd59a7990f\" style=\"font-size:20px\">Queremos que la comunidad sea un espacio transparente y de confianza. Por eso, esta p\u00e1gina est\u00e1 pensada para que puedas informarte f\u00e1cilmente, sin lenguaje complicado, y entender c\u00f3mo se protegen tus datos mientras usas la web.<\/p>\n\n\n\n<p class=\"has-ast-global-color-4-color has-text-color has-link-color wp-elements-2fe1db13d38040f8ae73df8a6e8b1155\" style=\"font-size:20px\">Recomendamos revisar estos documentos para conocer tus derechos y el funcionamiento general del sitio. Saludos jugador.<\/p>\n\n\n\n<div data-wp-interactive=\"core\/file\" class=\"wp-block-file\"><object data-wp-bind--hidden=\"!state.hasPdfPreview\" hidden class=\"wp-block-file__embed\" data=\"https:\/\/franciscojaviercarceles.fpcei.eu\/wp-content\/uploads\/2026\/01\/SUPRESION_-_TERCERO-_doc-1.pdf-1.pdf\" type=\"application\/pdf\" style=\"width:100%;height:600px\" aria-label=\"Incrustado de SUPRESION_-_TERCERO-_doc.pdf.\"><\/object><a id=\"wp-block-file--media-009cd7cc-c0e2-403e-905e-73b385b82291\" href=\"https:\/\/franciscojaviercarceles.fpcei.eu\/wp-content\/uploads\/2026\/01\/SUPRESION_-_TERCERO-_doc-1.pdf-1.pdf\">SUPRESION_-_TERCERO-_doc.pdf<\/a><a href=\"https:\/\/franciscojaviercarceles.fpcei.eu\/wp-content\/uploads\/2026\/01\/SUPRESION_-_TERCERO-_doc-1.pdf-1.pdf\" class=\"wp-block-file__button wp-element-button\" download aria-describedby=\"wp-block-file--media-009cd7cc-c0e2-403e-905e-73b385b82291\">Descarga<\/a><\/div>\n\n\n\n<div data-wp-interactive=\"core\/file\" class=\"wp-block-file\"><object data-wp-bind--hidden=\"!state.hasPdfPreview\" hidden class=\"wp-block-file__embed\" data=\"https:\/\/franciscojaviercarceles.fpcei.eu\/wp-content\/uploads\/2026\/01\/OLVIDO_-_TERCERO_doc-2.pdf-2.pdf\" type=\"application\/pdf\" style=\"width:100%;height:600px\" aria-label=\"Incrustado de OLVIDO_-_TERCERO_doc.pdf.\"><\/object><a id=\"wp-block-file--media-7543ce88-6421-41b8-8ead-55563ba6d38e\" href=\"https:\/\/franciscojaviercarceles.fpcei.eu\/wp-content\/uploads\/2026\/01\/OLVIDO_-_TERCERO_doc-2.pdf-2.pdf\">OLVIDO_-_TERCERO_doc.pdf<\/a><a href=\"https:\/\/franciscojaviercarceles.fpcei.eu\/wp-content\/uploads\/2026\/01\/OLVIDO_-_TERCERO_doc-2.pdf-2.pdf\" class=\"wp-block-file__button wp-element-button\" download aria-describedby=\"wp-block-file--media-7543ce88-6421-41b8-8ead-55563ba6d38e\">Descarga<\/a><\/div>\n\n\n\n<div data-wp-interactive=\"core\/file\" class=\"wp-block-file\"><object data-wp-bind--hidden=\"!state.hasPdfPreview\" hidden class=\"wp-block-file__embed\" data=\"https:\/\/franciscojaviercarceles.fpcei.eu\/wp-content\/uploads\/2026\/01\/RECTIFICACION_-_TERCERO_doc.pdf.pdf\" type=\"application\/pdf\" style=\"width:100%;height:600px\" aria-label=\"Incrustado de RECTIFICACION_-_TERCERO_doc.pdf.\"><\/object><a id=\"wp-block-file--media-3540fea0-c6cf-4c46-983d-91508c029f8a\" href=\"https:\/\/franciscojaviercarceles.fpcei.eu\/wp-content\/uploads\/2026\/01\/RECTIFICACION_-_TERCERO_doc.pdf.pdf\">RECTIFICACION_-_TERCERO_doc.pdf<\/a><a href=\"https:\/\/franciscojaviercarceles.fpcei.eu\/wp-content\/uploads\/2026\/01\/RECTIFICACION_-_TERCERO_doc.pdf.pdf\" class=\"wp-block-file__button wp-element-button\" download aria-describedby=\"wp-block-file--media-3540fea0-c6cf-4c46-983d-91508c029f8a\">Descarga<\/a><\/div>\n\n\n\n<div data-wp-interactive=\"core\/file\" class=\"wp-block-file\"><object data-wp-bind--hidden=\"!state.hasPdfPreview\" hidden class=\"wp-block-file__embed\" data=\"https:\/\/franciscojaviercarceles.fpcei.eu\/wp-content\/uploads\/2026\/01\/PORTABILIDAD_-_TERCERO_doc.pdf.pdf\" type=\"application\/pdf\" style=\"width:100%;height:600px\" aria-label=\"Incrustado de PORTABILIDAD_-_TERCERO_doc.pdf.\"><\/object><a id=\"wp-block-file--media-4d65aa8f-2705-43a3-94ac-9d14eb7b487e\" href=\"https:\/\/franciscojaviercarceles.fpcei.eu\/wp-content\/uploads\/2026\/01\/PORTABILIDAD_-_TERCERO_doc.pdf.pdf\">PORTABILIDAD_-_TERCERO_doc.pdf<\/a><a href=\"https:\/\/franciscojaviercarceles.fpcei.eu\/wp-content\/uploads\/2026\/01\/PORTABILIDAD_-_TERCERO_doc.pdf.pdf\" class=\"wp-block-file__button wp-element-button\" download aria-describedby=\"wp-block-file--media-4d65aa8f-2705-43a3-94ac-9d14eb7b487e\">Descarga<\/a><\/div>\n\n\n\n<div data-wp-interactive=\"core\/file\" class=\"wp-block-file\"><object data-wp-bind--hidden=\"!state.hasPdfPreview\" hidden class=\"wp-block-file__embed\" data=\"https:\/\/franciscojaviercarceles.fpcei.eu\/wp-content\/uploads\/2026\/01\/ACCESO_-_TERCERO_doc.pdf.pdf\" type=\"application\/pdf\" style=\"width:100%;height:600px\" aria-label=\"Incrustado de ACCESO_-_TERCERO_doc.pdf.\"><\/object><a id=\"wp-block-file--media-38fabcb5-3249-4eba-af03-bb70a1e9dc5e\" href=\"https:\/\/franciscojaviercarceles.fpcei.eu\/wp-content\/uploads\/2026\/01\/ACCESO_-_TERCERO_doc.pdf.pdf\">ACCESO_-_TERCERO_doc.pdf<\/a><a href=\"https:\/\/franciscojaviercarceles.fpcei.eu\/wp-content\/uploads\/2026\/01\/ACCESO_-_TERCERO_doc.pdf.pdf\" class=\"wp-block-file__button wp-element-button\" download aria-describedby=\"wp-block-file--media-38fabcb5-3249-4eba-af03-bb70a1e9dc5e\">Descarga<\/a><\/div>\n\n\n\n<div data-wp-interactive=\"core\/file\" class=\"wp-block-file\"><object data-wp-bind--hidden=\"!state.hasPdfPreview\" hidden class=\"wp-block-file__embed\" data=\"https:\/\/franciscojaviercarceles.fpcei.eu\/wp-content\/uploads\/2026\/01\/LIMITACION_-_TERCERO_doc.pdf.pdf\" type=\"application\/pdf\" style=\"width:100%;height:600px\" aria-label=\"Incrustado de LIMITACION_-_TERCERO_doc.pdf.\"><\/object><a id=\"wp-block-file--media-91eaf788-1b50-4a62-a093-1bad88979fac\" href=\"https:\/\/franciscojaviercarceles.fpcei.eu\/wp-content\/uploads\/2026\/01\/LIMITACION_-_TERCERO_doc.pdf.pdf\">LIMITACION_-_TERCERO_doc.pdf<\/a><a href=\"https:\/\/franciscojaviercarceles.fpcei.eu\/wp-content\/uploads\/2026\/01\/LIMITACION_-_TERCERO_doc.pdf.pdf\" class=\"wp-block-file__button wp-element-button\" download aria-describedby=\"wp-block-file--media-91eaf788-1b50-4a62-a093-1bad88979fac\">Descarga<\/a><\/div>\n\n\n\n<div data-wp-interactive=\"core\/file\" class=\"wp-block-file\"><object data-wp-bind--hidden=\"!state.hasPdfPreview\" hidden class=\"wp-block-file__embed\" data=\"https:\/\/franciscojaviercarceles.fpcei.eu\/wp-content\/uploads\/2026\/01\/OLVIDO_-_TERCERO_doc-1.pdf-1.pdf\" type=\"application\/pdf\" style=\"width:100%;height:600px\" aria-label=\"Incrustado de OLVIDO_-_TERCERO_doc.pdf.\"><\/object><a id=\"wp-block-file--media-9ab22b97-cf71-4d00-8d66-965a2273034a\" href=\"https:\/\/franciscojaviercarceles.fpcei.eu\/wp-content\/uploads\/2026\/01\/OLVIDO_-_TERCERO_doc-1.pdf-1.pdf\">OLVIDO_-_TERCERO_doc.pdf<\/a><a href=\"https:\/\/franciscojaviercarceles.fpcei.eu\/wp-content\/uploads\/2026\/01\/OLVIDO_-_TERCERO_doc-1.pdf-1.pdf\" class=\"wp-block-file__button wp-element-button\" download aria-describedby=\"wp-block-file--media-9ab22b97-cf71-4d00-8d66-965a2273034a\">Descarga<\/a><\/div>\n\n\n\n<div data-wp-interactive=\"core\/file\" class=\"wp-block-file\"><object data-wp-bind--hidden=\"!state.hasPdfPreview\" hidden class=\"wp-block-file__embed\" data=\"https:\/\/franciscojaviercarceles.fpcei.eu\/wp-content\/uploads\/2026\/01\/POLITICA_COOKIES_-_PRINCIPAL_doc.pdf.pdf\" type=\"application\/pdf\" style=\"width:100%;height:600px\" aria-label=\"Incrustado de POLITICA_COOKIES_-_PRINCIPAL_doc.pdf.\"><\/object><a id=\"wp-block-file--media-7bcb0aa9-5dec-4ec8-88e4-02895001fd48\" href=\"https:\/\/franciscojaviercarceles.fpcei.eu\/wp-content\/uploads\/2026\/01\/POLITICA_COOKIES_-_PRINCIPAL_doc.pdf.pdf\">POLITICA_COOKIES_-_PRINCIPAL_doc.pdf<\/a><a href=\"https:\/\/franciscojaviercarceles.fpcei.eu\/wp-content\/uploads\/2026\/01\/POLITICA_COOKIES_-_PRINCIPAL_doc.pdf.pdf\" class=\"wp-block-file__button wp-element-button\" download aria-describedby=\"wp-block-file--media-7bcb0aa9-5dec-4ec8-88e4-02895001fd48\">Descarga<\/a><\/div>\n\n\n\n<div data-wp-interactive=\"core\/file\" class=\"wp-block-file\"><object data-wp-bind--hidden=\"!state.hasPdfPreview\" hidden class=\"wp-block-file__embed\" data=\"https:\/\/franciscojaviercarceles.fpcei.eu\/wp-content\/uploads\/2026\/01\/POLITICA_PRIVACIDAD_-_SECUNDARIO_doc.pdf.pdf\" type=\"application\/pdf\" style=\"width:100%;height:600px\" aria-label=\"Incrustado de POLITICA_PRIVACIDAD_-_SECUNDARIO_doc.pdf.\"><\/object><a id=\"wp-block-file--media-5426a07e-c265-4752-adca-7ce5ec4391c7\" href=\"https:\/\/franciscojaviercarceles.fpcei.eu\/wp-content\/uploads\/2026\/01\/POLITICA_PRIVACIDAD_-_SECUNDARIO_doc.pdf.pdf\">POLITICA_PRIVACIDAD_-_SECUNDARIO_doc.pdf<\/a><a href=\"https:\/\/franciscojaviercarceles.fpcei.eu\/wp-content\/uploads\/2026\/01\/POLITICA_PRIVACIDAD_-_SECUNDARIO_doc.pdf.pdf\" class=\"wp-block-file__button wp-element-button\" download aria-describedby=\"wp-block-file--media-5426a07e-c265-4752-adca-7ce5ec4391c7\">Descarga<\/a><\/div>\n\n\n\n<p><\/p>\n","protected":false},"excerpt":{"rendered":"<p>Buenas de nuevo Gamer, como lo m\u00e1s importante para nosotros es tu privacidad, desde el equipo t\u00e9cnico de GamerHub hemos [&hellip;]<\/p>\n","protected":false},"author":4,"featured_media":0,"parent":0,"menu_order":0,"comment_status":"closed","ping_status":"closed","template":"","meta":{"site-sidebar-layout":"default","site-content-layout":"","ast-site-content-layout":"default","site-content-style":"default","site-sidebar-style":"default","ast-global-header-display":"","ast-banner-title-visibility":"","ast-main-header-display":"","ast-hfb-above-header-display":"","ast-hfb-below-header-display":"","ast-hfb-mobile-header-display":"","site-post-title":"","ast-breadcrumbs-content":"","ast-featured-img":"","footer-sml-layout":"","ast-disable-related-posts":"","theme-transparent-header-meta":"","adv-header-id-meta":"","stick-header-meta":"","header-above-stick-meta":"","header-main-stick-meta":"","header-below-stick-meta":"","astra-migrate-meta-layouts":"default","ast-page-background-enabled":"default","ast-page-background-meta":{"desktop":{"background-color":"var(--ast-global-color-5)","background-image":"","background-repeat":"repeat","background-position":"center center","background-size":"auto","background-attachment":"scroll","background-type":"","background-media":"","overlay-type":"","overlay-color":"","overlay-opacity":"","overlay-gradient":""},"tablet":{"background-color":"","background-image":"","background-repeat":"repeat","background-position":"center center","background-size":"auto","background-attachment":"scroll","background-type":"","background-media":"","overlay-type":"","overlay-color":"","overlay-opacity":"","overlay-gradient":""},"mobile":{"background-color":"","background-image":"","background-repeat":"repeat","background-position":"center center","background-size":"auto","background-attachment":"scroll","background-type":"","background-media":"","overlay-type":"","overlay-color":"","overlay-opacity":"","overlay-gradient":""}},"ast-content-background-meta":{"desktop":{"background-color":"var(--ast-global-color-4)","background-image":"","background-repeat":"repeat","background-position":"center center","background-size":"auto","background-attachment":"scroll","background-type":"","background-media":"","overlay-type":"","overlay-color":"","overlay-opacity":"","overlay-gradient":""},"tablet":{"background-color":"var(--ast-global-color-4)","background-image":"","background-repeat":"repeat","background-position":"center center","background-size":"auto","background-attachment":"scroll","background-type":"","background-media":"","overlay-type":"","overlay-color":"","overlay-opacity":"","overlay-gradient":""},"mobile":{"background-color":"var(--ast-global-color-4)","background-image":"","background-repeat":"repeat","background-position":"center center","background-size":"auto","background-attachment":"scroll","background-type":"","background-media":"","overlay-type":"","overlay-color":"","overlay-opacity":"","overlay-gradient":""}},"footnotes":""},"class_list":["post-185","page","type-page","status-publish","hentry"],"_links":{"self":[{"href":"https:\/\/franciscojaviercarceles.fpcei.eu\/index.php?rest_route=\/wp\/v2\/pages\/185","targetHints":{"allow":["GET"]}}],"collection":[{"href":"https:\/\/franciscojaviercarceles.fpcei.eu\/index.php?rest_route=\/wp\/v2\/pages"}],"about":[{"href":"https:\/\/franciscojaviercarceles.fpcei.eu\/index.php?rest_route=\/wp\/v2\/types\/page"}],"author":[{"embeddable":true,"href":"https:\/\/franciscojaviercarceles.fpcei.eu\/index.php?rest_route=\/wp\/v2\/users\/4"}],"replies":[{"embeddable":true,"href":"https:\/\/franciscojaviercarceles.fpcei.eu\/index.php?rest_route=%2Fwp%2Fv2%2Fcomments&post=185"}],"version-history":[{"count":7,"href":"https:\/\/franciscojaviercarceles.fpcei.eu\/index.php?rest_route=\/wp\/v2\/pages\/185\/revisions"}],"predecessor-version":[{"id":502,"href":"https:\/\/franciscojaviercarceles.fpcei.eu\/index.php?rest_route=\/wp\/v2\/pages\/185\/revisions\/502"}],"wp:attachment":[{"href":"https:\/\/franciscojaviercarceles.fpcei.eu\/index.php?rest_route=%2Fwp%2Fv2%2Fmedia&parent=185"}],"curies":[{"name":"wp","href":"https:\/\/api.w.org\/{rel}","templated":true}]}}